{"id":502,"date":"2021-01-16T20:32:43","date_gmt":"2021-01-16T19:32:43","guid":{"rendered":"https:\/\/lefrechet.fr\/?page_id=502"},"modified":"2021-02-13T14:52:18","modified_gmt":"2021-02-13T13:52:18","slug":"urbanisme","status":"publish","type":"page","link":"https:\/\/lefrechet.fr\/?page_id=502","title":{"rendered":"Urbanisme"},"content":{"rendered":"\n<p style=\"font-size:24px\"><strong>Pour constituer votre dossier, choisissez et imprimez le formulaire<\/strong> <strong>relatif \u00e0 votre projet :<\/strong><\/p>\n\n\n\n<p class=\"has-medium-font-size\"><strong>&#8211; Achat \/ vente d&rsquo;un terrain ou immeuble : Certificat d&rsquo;urbanisme<\/strong><\/p>\n\n\n\n<p>Le certificat d&rsquo;urbanisme est un document d&rsquo;information, ce n&rsquo;est pas une autorisation. Il en existe 2 types&nbsp;: le certificat d&rsquo;information et le certificat op\u00e9rationnel. Le 1<sup>er<\/sup>&nbsp;donne les r\u00e8gles d&rsquo;urbanisme sur un terrain donn\u00e9, le 2e vous renseigne sur la faisabilit\u00e9 d&rsquo;un projet. La demande de certificat est facultative, mais elle est recommand\u00e9e dans le cadre de l&rsquo;achat d&rsquo;un bien immobilier (terrain \u00e0 b\u00e2tir ou immeuble) ou d&rsquo;une op\u00e9ration de construction. <\/p>\n\n\n\n<div class=\"wp-block-file\"><a href=\"https:\/\/lefrechet.fr\/wp-content\/uploads\/2021\/01\/cerfa-13410-05-certificat-durbanisme.pdf\" target=\"_blank\" rel=\"noreferrer noopener\">cerfa 13410-05 certificat d&rsquo;urbanisme<\/a><a href=\"https:\/\/lefrechet.fr\/wp-content\/uploads\/2021\/01\/cerfa-13410-05-certificat-durbanisme.pdf\" class=\"wp-block-file__button\" download>T\u00e9l\u00e9charger<\/a><\/div>\n\n\n\n<hr class=\"wp-block-separator\"\/>\n\n\n\n<p class=\"has-medium-font-size\"><strong>&#8211; Construction maison individuelle : Permis de construire (PCMI)<\/strong><\/p>\n\n\n\n<p>Permet d&rsquo;agrandir ou de construire une maison individuelle ou ses annexes (ou de r\u00e9aliser des travaux de d\u00e9molition pour reconstruction). Garage et abri jardin de plus de 20 m<sup>2<\/sup>. Un permis de construire est exig\u00e9 pour la construction d&rsquo;une maison individuelle de plus de 20 m\u00b2. Le recours \u00e0 un architecte est obligatoire pour \u00e9laborer votre projet architectural si la&nbsp;<a href=\"https:\/\/www.service-public.fr\/particuliers\/glossaire\/R11405\" target=\"_blank\" rel=\"noreferrer noopener\"><em>surface de plancher<\/em><\/a>&nbsp;de votre future construction d\u00e9passe 150 m\u00b2.<\/p>\n\n\n\n<p>Une maison individuelle construite pour votre usage personnel n&rsquo;est pas soumise \u00e0 la r\u00e9glementation sur l&rsquo;accessibilit\u00e9 aux handicap\u00e9s. Par contre, les maisons destin\u00e9es \u00e0 \u00eatre lou\u00e9es, mises \u00e0 disposition ou vendues doivent respecter ces r\u00e8gles. Elles doivent \u00eatre construites et am\u00e9nag\u00e9es de fa\u00e7on \u00e0 \u00eatre accessibles quel que soit le handicap. L&rsquo;obligation d&rsquo;accessibilit\u00e9 concerne les circulations ext\u00e9rieures, le logement et le stationnement automobile.<\/p>\n\n\n\n<div class=\"wp-block-file\"><a href=\"https:\/\/lefrechet.fr\/wp-content\/uploads\/2021\/01\/cerfa-13406-07-permis-de-construire-maison.pdf\" target=\"_blank\" rel=\"noreferrer noopener\">cerfa 13406-07 permis de construire maison<\/a><a href=\"https:\/\/lefrechet.fr\/wp-content\/uploads\/2021\/01\/cerfa-13406-07-permis-de-construire-maison.pdf\" class=\"wp-block-file__button\" download>T\u00e9l\u00e9charger<\/a><\/div>\n\n\n\n<hr class=\"wp-block-separator\"\/>\n\n\n\n<p class=\"has-medium-font-size\"><strong>&#8211; Construction abri jardin, garage de 5 \u00e0 20 m\u00ad\u00ad<sup>2<\/sup> : D\u00e9claration pr\u00e9alable de travaux<\/strong><\/p>\n\n\n\n<p>Permet notamment de r\u00e9aliser une construction nouvelle autre qu&rsquo;une maison individuelle et d&rsquo;effectuer des travaux (modification de construction existante, changement de destination, garage, abri jardin&#8230;).<\/p>\n\n\n\n<div class=\"wp-block-file\"><a href=\"https:\/\/lefrechet.fr\/wp-content\/uploads\/2021\/01\/cerfa-13404-07-declaration-prealable-de-travaux.pdf\" target=\"_blank\" rel=\"noreferrer noopener\">cerfa 13404-07 d\u00e9claration pr\u00e9alable de travaux<\/a><a href=\"https:\/\/lefrechet.fr\/wp-content\/uploads\/2021\/01\/cerfa-13404-07-declaration-prealable-de-travaux.pdf\" class=\"wp-block-file__button\" download>T\u00e9l\u00e9charger<\/a><\/div>\n\n\n\n<hr class=\"wp-block-separator\"\/>\n\n\n\n<p class=\"has-medium-font-size\"><strong>&#8211; Construction abri jardin de moins de 5 m<sup>2<\/sup> : Pas de demande d&rsquo;autorisation<\/strong><\/p>\n\n\n\n<p><strong>&#8211; Modification d&rsquo;un permis de construire :<\/strong><\/p>\n\n\n\n<p>Permet d&rsquo;apporter des modifications mineures au permis de construire initial en cours de validit\u00e9. (ex. : ajout d&rsquo;une f\u00e9n\u00eatre)<\/p>\n\n\n\n<div class=\"wp-block-file\"><a href=\"https:\/\/lefrechet.fr\/wp-content\/uploads\/2021\/01\/cerfa-13411-07-modif-permis-de-construire.pdf\" target=\"_blank\" rel=\"noreferrer noopener\">cerfa 13411-07 modif permis de construire<\/a><a href=\"https:\/\/lefrechet.fr\/wp-content\/uploads\/2021\/01\/cerfa-13411-07-modif-permis-de-construire.pdf\" class=\"wp-block-file__button\" download>T\u00e9l\u00e9charger<\/a><\/div>\n\n\n\n<hr class=\"wp-block-separator\"\/>\n\n\n\n<p class=\"has-medium-font-size\"><strong>&#8211; Construire un local professionnel ou agricole : Permis de construire<\/strong><\/p>\n\n\n\n<p>Permet de r\u00e9aliser une construction ou d&rsquo;effectuer des travaux sur une construction existante.<\/p>\n\n\n\n<div class=\"wp-block-file\"><a href=\"https:\/\/lefrechet.fr\/wp-content\/uploads\/2021\/01\/cerfa_13409-07-permis-de-construire.pdf\" target=\"_blank\" rel=\"noreferrer noopener\">cerfa_13409-07 permis de construire<\/a><a href=\"https:\/\/lefrechet.fr\/wp-content\/uploads\/2021\/01\/cerfa_13409-07-permis-de-construire.pdf\" class=\"wp-block-file__button\" download>T\u00e9l\u00e9charger<\/a><\/div>\n\n\n\n<hr class=\"wp-block-separator\"\/>\n\n\n\n<p class=\"has-medium-font-size\"><strong>&#8211; D\u00e9molir une construction<\/strong><\/p>\n\n\n\n<p>Le permis de d\u00e9molir est une autorisation d&rsquo;urbanisme. Vous devez l&rsquo;obtenir avant la d\u00e9molition partielle ou totale d&rsquo;une construction relevant d&rsquo;une protection particuli\u00e8re ou situ\u00e9e dans un secteur o\u00f9 ce permis est obligatoire. Lorsque la d\u00e9molition est li\u00e9e \u00e0 un projet de construction ou d&rsquo;am\u00e9nagement, la demande de d\u00e9molition peut \u00eatre faite avec la demande de permis de construire ou d&rsquo;am\u00e9nager.<\/p>\n\n\n\n<div class=\"wp-block-file\"><a href=\"https:\/\/lefrechet.fr\/wp-content\/uploads\/2021\/01\/cerfa_13405-06-permis-de-demolir.pdf\" target=\"_blank\" rel=\"noreferrer noopener\">cerfa_13405-06 permis de d\u00e9molir<\/a><a href=\"https:\/\/lefrechet.fr\/wp-content\/uploads\/2021\/01\/cerfa_13405-06-permis-de-demolir.pdf\" class=\"wp-block-file__button\" download>T\u00e9l\u00e9charger<\/a><\/div>\n\n\n\n<hr class=\"wp-block-separator\"\/>\n\n\n\n<p class=\"has-medium-font-size\"><strong>&#8211; D\u00e9claration d&rsquo;ouverture de chantier<\/strong><\/p>\n\n\n\n<p>La d\u00e9claration d&rsquo;ouverture de chantier est un document qui permet de signaler \u00e0 la mairie le commencement de ses travaux. Elle concerne uniquement le b\u00e9n\u00e9ficiaire d&rsquo;un permis de construire ou d&rsquo;un permis d&rsquo;am\u00e9nager. Elle doit obligatoirement \u00eatre adress\u00e9e d\u00e8s le commencement des travaux.<\/p>\n\n\n\n<p>Cette d\u00e9claration s&rsquo;effectue en ligne d\u00e8s le commencement des travaux.<\/p>\n\n\n\n<p>Acc\u00e9der \u00e0 la d\u00e9claration en ligne :<\/p>\n\n\n\n<p><a href=\"https:\/\/psl.service-public.fr\/mademarche\/DOC\/demarche?execution=e1s1\" target=\"_blank\" rel=\"noreferrer noopener\">https:\/\/psl.service-public.fr\/mademarche\/DOC\/demarche?execution=e1s1<\/a><\/p>\n\n\n\n<hr class=\"wp-block-separator has-text-color has-background has-vivid-red-background-color has-vivid-red-color is-style-wide\"\/>\n\n\n\n<p class=\"has-medium-font-size\"><strong>&#8211; D\u00e9claration attestant l&rsquo;ach\u00e8vement et la conformit\u00e9 des travaux (Daact)<\/strong><\/p>\n\n\n\n<p>Permet de d\u00e9clarer l&rsquo;ach\u00e8vement de ses travaux ainsi que leur conformit\u00e9 par rapport \u00e0 l&rsquo;autorisation accord\u00e9e.<\/p>\n\n\n\n<p>Le titulaire d&rsquo;une autorisation d&rsquo;urbanisme doit adresser une d\u00e9claration attestant l&rsquo;ach\u00e8vement et la conformit\u00e9 des travaux (Daact) \u00e0 la mairie pour signaler la fin des travaux. Cette d\u00e9claration est obligatoire pour les travaux issus d&rsquo;un permis de construire, d&rsquo;am\u00e9nager ou d&rsquo;une d\u00e9claration pr\u00e9alable de travaux.<\/p>\n\n\n\n<div class=\"wp-block-file\"><a href=\"https:\/\/lefrechet.fr\/wp-content\/uploads\/2021\/01\/cerfa-13408-05-achevement-travaux.pdf\" target=\"_blank\" rel=\"noreferrer noopener\">cerfa 13408-05 achevement travaux<\/a><a href=\"https:\/\/lefrechet.fr\/wp-content\/uploads\/2021\/01\/cerfa-13408-05-achevement-travaux.pdf\" class=\"wp-block-file__button\" download>T\u00e9l\u00e9charger<\/a><\/div>\n\n\n\n<div class=\"wp-block-buttons is-layout-flex wp-block-buttons-is-layout-flex\"><\/div>\n","protected":false},"excerpt":{"rendered":"<p>Pour constituer votre dossier, choisissez et imprimez le formulaire relatif \u00e0 votre projet : &#8211; Achat \/ vente d&rsquo;un terrain ou immeuble : Certificat d&rsquo;urbanisme Le certificat d&rsquo;urbanisme est un&hellip;<\/p>\n","protected":false},"author":2,"featured_media":0,"parent":0,"menu_order":0,"comment_status":"closed","ping_status":"closed","template":"page-templates\/fullwidth.php","meta":{"footnotes":""},"class_list":["post-502","page","type-page","status-publish","hentry"],"_links":{"self":[{"href":"https:\/\/lefrechet.fr\/index.php?rest_route=\/wp\/v2\/pages\/502","targetHints":{"allow":["GET"]}}],"collection":[{"href":"https:\/\/lefrechet.fr\/index.php?rest_route=\/wp\/v2\/pages"}],"about":[{"href":"https:\/\/lefrechet.fr\/index.php?rest_route=\/wp\/v2\/types\/page"}],"author":[{"embeddable":true,"href":"https:\/\/lefrechet.fr\/index.php?rest_route=\/wp\/v2\/users\/2"}],"replies":[{"embeddable":true,"href":"https:\/\/lefrechet.fr\/index.php?rest_route=%2Fwp%2Fv2%2Fcomments&post=502"}],"version-history":[{"count":26,"href":"https:\/\/lefrechet.fr\/index.php?rest_route=\/wp\/v2\/pages\/502\/revisions"}],"predecessor-version":[{"id":1800,"href":"https:\/\/lefrechet.fr\/index.php?rest_route=\/wp\/v2\/pages\/502\/revisions\/1800"}],"wp:attachment":[{"href":"https:\/\/lefrechet.fr\/index.php?rest_route=%2Fwp%2Fv2%2Fmedia&parent=502"}],"curies":[{"name":"wp","href":"https:\/\/api.w.org\/{rel}","templated":true}]}}