{"id":3169,"date":"2023-01-23T18:34:37","date_gmt":"2023-01-23T17:34:37","guid":{"rendered":"https:\/\/lefrechet.fr\/?page_id=3169"},"modified":"2023-01-23T20:30:29","modified_gmt":"2023-01-23T19:30:29","slug":"plan-local-durbanisme","status":"publish","type":"page","link":"https:\/\/lefrechet.fr\/?page_id=3169","title":{"rendered":"Plan Local d&rsquo;Urbanisme (PLU)"},"content":{"rendered":"\n<p>Le <strong>Plan Local d&rsquo;Urbanisme<\/strong> (<strong>PLU<\/strong>) est un document d&rsquo;urbanisme qui, \u00e0 l&rsquo;\u00e9chelle de la Commune, traduit un projet global d&rsquo;am\u00e9nagement et d&rsquo;urbanisme et fixe en cons\u00e9quence les r\u00e8gles d&rsquo;am\u00e9nagement et d&rsquo;utilisation des sols. Au Fr\u00e9chet, le <strong>PLU<\/strong> a \u00e9t\u00e9 adopt\u00e9 en Ao\u00fbt 2012.<\/p>\n\n\n\n<p style=\"font-size:22px\"><strong>Zonage de la Commune du Fr\u00e9chet :<\/strong><\/p>\n\n\n\n<p>Les r\u00e8gles d&rsquo;urbanismes diff\u00e8rent en fonction de la zone urbaine o\u00f9 se situe votre terrain. Que vous soyez en <strong>zones urbaines (1AU, UB)<\/strong>, en <strong>zones agricoles (A)<\/strong> et encore en <strong>zones naturelles (N)<\/strong>, les r\u00e8gles d&rsquo;urbanisme peuvent \u00eatre totalement diff\u00e9rentes, voire tr\u00e8s restrictives&#8230; Avant de consulter le r\u00e8glement du PLU, il vous faut savoir dans quelle zone se situe votre terrain. Il peut ne pas \u00eatre constructible.<\/p>\n\n\n\n<p style=\"font-size:18px\"><strong>T\u00e9l\u00e9chargez ci-dessous la carte de Zonage du Fr\u00e9chet :<\/strong><\/p>\n\n\n\n<div class=\"wp-block-file\"><a id=\"wp-block-file--media-37a7d805-32f2-4d06-80c0-e4529da2a55d\" href=\"https:\/\/lefrechet.fr\/wp-content\/uploads\/2023\/01\/CARTE-PLU-FRECHET.pdf\">CARTE PLU FRECHET<\/a><a href=\"https:\/\/lefrechet.fr\/wp-content\/uploads\/2023\/01\/CARTE-PLU-FRECHET.pdf\" class=\"wp-block-file__button wp-element-button\" download aria-describedby=\"wp-block-file--media-37a7d805-32f2-4d06-80c0-e4529da2a55d\">T\u00e9l\u00e9charger<\/a><\/div>\n\n\n\n<div style=\"height:61px\" aria-hidden=\"true\" class=\"wp-block-spacer\"><\/div>\n\n\n\n<p style=\"font-size:22px\"><strong>Le r\u00e8glement du PLU :<\/strong><\/p>\n\n\n\n<p>Avant de vous lancer dans un projet de construction de maison individuelle, il est important de consulter <strong>le r\u00e8glement du<\/strong> <strong>PLU<\/strong> d&rsquo;une Commune et de v\u00e9rifier si vos envies de formes, couleurs de fa\u00e7ades, mat\u00e9riaux de construction, etc&#8230; sont bien en conformit\u00e9 avec les autorisations et prescriptions list\u00e9es dans ce document d&rsquo;urbanisme. Si votre projet n&rsquo;est pas en conformit\u00e9 avec le <strong>PLU<\/strong>, votre permis de construire risque fortement d&rsquo;\u00eatre refus\u00e9&#8230;<\/p>\n\n\n\n<p><strong>T\u00e9l\u00e9chargez ci-dessous le R\u00e8glement PLU du Fr\u00e9chet :<\/strong><\/p>\n\n\n\n<div class=\"wp-block-file\"><a id=\"wp-block-file--media-e1df8ab2-9f2f-4543-95b2-8fa8e98226a1\" href=\"https:\/\/lefrechet.fr\/wp-content\/uploads\/2023\/01\/Reglement-PLU-FRECHET.pdf\">Re\u0300glement PLU FRECHET<\/a><a href=\"https:\/\/lefrechet.fr\/wp-content\/uploads\/2023\/01\/Reglement-PLU-FRECHET.pdf\" class=\"wp-block-file__button wp-element-button\" download aria-describedby=\"wp-block-file--media-e1df8ab2-9f2f-4543-95b2-8fa8e98226a1\">T\u00e9l\u00e9charger<\/a><\/div>\n\n\n\n<hr class=\"wp-block-separator has-alpha-channel-opacity\"\/>\n\n\n\n<p>Autre lien utile : <a href=\"https:\/\/www.geoportail-urbanisme.gouv.fr\/map\/#tile=1&amp;lon=0.9376939999999999&amp;lat=43.188614&amp;zoom=13&amp;mlon=0.937694&amp;mlat=43.188614\" target=\"_blank\" rel=\"noreferrer noopener\">Plan cadastral et zonage du Fr\u00e9chet<\/a><\/p>\n\n\n\n<hr class=\"wp-block-separator has-alpha-channel-opacity\"\/>\n\n\n\n<p class=\"has-text-align-center has-vivid-red-color has-text-color\" style=\"font-size:28px\"><strong>Avant de vous lancer dans un projet de construction, n&rsquo;h\u00e9sitez pas demander conseil \u00e0 votre Mairie.<\/strong><\/p>\n","protected":false},"excerpt":{"rendered":"<p>Le Plan Local d&rsquo;Urbanisme (PLU) est un document d&rsquo;urbanisme qui, \u00e0 l&rsquo;\u00e9chelle de la Commune, traduit un projet global d&rsquo;am\u00e9nagement et d&rsquo;urbanisme et fixe en cons\u00e9quence les r\u00e8gles d&rsquo;am\u00e9nagement et&hellip;<\/p>\n","protected":false},"author":1,"featured_media":0,"parent":0,"menu_order":0,"comment_status":"closed","ping_status":"closed","template":"","meta":{"footnotes":""},"class_list":["post-3169","page","type-page","status-publish","hentry"],"_links":{"self":[{"href":"https:\/\/lefrechet.fr\/index.php?rest_route=\/wp\/v2\/pages\/3169","targetHints":{"allow":["GET"]}}],"collection":[{"href":"https:\/\/lefrechet.fr\/index.php?rest_route=\/wp\/v2\/pages"}],"about":[{"href":"https:\/\/lefrechet.fr\/index.php?rest_route=\/wp\/v2\/types\/page"}],"author":[{"embeddable":true,"href":"https:\/\/lefrechet.fr\/index.php?rest_route=\/wp\/v2\/users\/1"}],"replies":[{"embeddable":true,"href":"https:\/\/lefrechet.fr\/index.php?rest_route=%2Fwp%2Fv2%2Fcomments&post=3169"}],"version-history":[{"count":9,"href":"https:\/\/lefrechet.fr\/index.php?rest_route=\/wp\/v2\/pages\/3169\/revisions"}],"predecessor-version":[{"id":3188,"href":"https:\/\/lefrechet.fr\/index.php?rest_route=\/wp\/v2\/pages\/3169\/revisions\/3188"}],"wp:attachment":[{"href":"https:\/\/lefrechet.fr\/index.php?rest_route=%2Fwp%2Fv2%2Fmedia&parent=3169"}],"curies":[{"name":"wp","href":"https:\/\/api.w.org\/{rel}","templated":true}]}}