{"id":3143,"date":"2023-01-02T21:48:09","date_gmt":"2023-01-02T20:48:09","guid":{"rendered":"https:\/\/lefrechet.fr\/?page_id=3143"},"modified":"2023-11-21T19:04:42","modified_gmt":"2023-11-21T18:04:42","slug":"compte-rendu-conseil-municipaux","status":"publish","type":"page","link":"https:\/\/lefrechet.fr\/?page_id=3143","title":{"rendered":"Comptes Rendus Conseils Municipaux"},"content":{"rendered":"\n<p>Retrouvez dans le menu d\u00e9roulant les comptes-rendus des conseils Municipaux de votre village. Soyez ainsi inform\u00e9s des d\u00e9cisions prises par le Conseil Municipal et n&rsquo;h\u00e9sitez pas \u00e0 poser vos questions \u00e0 M. Le Maire.<\/p>\n\n\n\n<p>Ces comptes rendus sont r\u00e9dig\u00e9s par M. Le Maire et valid\u00e9s en d\u00e9but du Conseil Municipal suivant, avant d&rsquo;\u00eatre t\u00e9l\u00e9charg\u00e9s sur le site internet.<\/p>\n","protected":false},"excerpt":{"rendered":"<p>Retrouvez dans le menu d\u00e9roulant les comptes-rendus des conseils Municipaux de votre village. Soyez ainsi inform\u00e9s des d\u00e9cisions prises par le Conseil Municipal et n&rsquo;h\u00e9sitez pas \u00e0 poser vos questions&hellip;<\/p>\n","protected":false},"author":1,"featured_media":0,"parent":0,"menu_order":0,"comment_status":"closed","ping_status":"closed","template":"","meta":{"footnotes":""},"class_list":["post-3143","page","type-page","status-publish","hentry"],"_links":{"self":[{"href":"https:\/\/lefrechet.fr\/index.php?rest_route=\/wp\/v2\/pages\/3143","targetHints":{"allow":["GET"]}}],"collection":[{"href":"https:\/\/lefrechet.fr\/index.php?rest_route=\/wp\/v2\/pages"}],"about":[{"href":"https:\/\/lefrechet.fr\/index.php?rest_route=\/wp\/v2\/types\/page"}],"author":[{"embeddable":true,"href":"https:\/\/lefrechet.fr\/index.php?rest_route=\/wp\/v2\/users\/1"}],"replies":[{"embeddable":true,"href":"https:\/\/lefrechet.fr\/index.php?rest_route=%2Fwp%2Fv2%2Fcomments&post=3143"}],"version-history":[{"count":6,"href":"https:\/\/lefrechet.fr\/index.php?rest_route=\/wp\/v2\/pages\/3143\/revisions"}],"predecessor-version":[{"id":3275,"href":"https:\/\/lefrechet.fr\/index.php?rest_route=\/wp\/v2\/pages\/3143\/revisions\/3275"}],"wp:attachment":[{"href":"https:\/\/lefrechet.fr\/index.php?rest_route=%2Fwp%2Fv2%2Fmedia&parent=3143"}],"curies":[{"name":"wp","href":"https:\/\/api.w.org\/{rel}","templated":true}]}}

<p>Retrouvez dans le menu déroulant les comptes-rendus des conseils Municipaux de votre village. Soyez ainsi informés des décisions prises par le Conseil Municipal et n&rsquo;hésitez pas à poser vos questions à M. Le Maire.</p>



<p>Ces comptes rendus sont rédigés par M. Le Maire et validés en début du Conseil Municipal suivant, avant d&rsquo;être téléchargés sur le site internet.</p>

<p>Retrouvez dans le menu déroulant les comptes-rendus des conseils Municipaux de votre village. Soyez ainsi informés des décisions prises par le Conseil Municipal et n&rsquo;hésitez pas à poser vos questions&hellip;</p>
