{"id":2010,"date":"2021-03-01T07:19:26","date_gmt":"2021-03-01T06:19:26","guid":{"rendered":"https:\/\/lefrechet.fr\/?page_id=2010"},"modified":"2021-03-01T22:31:47","modified_gmt":"2021-03-01T21:31:47","slug":"carte-didentite","status":"publish","type":"page","link":"https:\/\/lefrechet.fr\/?page_id=2010","title":{"rendered":"Carte d&rsquo;Identit\u00e9"},"content":{"rendered":"\n<p class=\"has-medium-font-size\"><strong>Carte d&rsquo;identit\u00e9<\/strong><\/p>\n\n\n\n<p>Vous voulez faire ou refaire votre carte d&rsquo;identit\u00e9, ou celle de votre enfant ?<\/p>\n\n\n\n<p><strong>O\u00f9 ?<\/strong><\/p>\n\n\n\n<p>Depuis 7 mars 2017, cette d\u00e9marche doit se faire dans une Mairie \u00e9quip\u00e9e d&rsquo;un dispositif de recueil des empreintes digitales et certifi\u00e9e par l&rsquo;Agence Nationale des Titres S\u00e9curis\u00e9s, elles sont au nombre de 26 en Haute-Garonne.<\/p>\n\n\n\n<p>Les plus proches de la Commune de Le Fr\u00e9chet sont :<\/p>\n\n\n\n<p>La Mairie de Caz\u00e8res sur Garonne : 09 72 63 50 05 \/ 05 61 98 46 00<\/p>\n\n\n\n<p>La Mairie de Saint-Gaudens : 05 61 94 78 00<\/p>\n\n\n\n<p>Mais avant de prendre rendez-vous avec le service &lsquo;carte d&rsquo;identit\u00e9&rsquo; de l&rsquo;une ou l&rsquo;autres de ces Mairies, vous devez effectuer la pr\u00e9-demande en ligne aupr\u00e8s de l&rsquo;Agence Nationale des Titres S\u00e9curis\u00e9s (ANTS), et le cas \u00e9ch\u00e9ant acheter un timbre fiscal, si non votre rendez-vous sera annul\u00e9.<\/p>\n\n\n\n<p>Site de l&rsquo;ANTS : <a href=\"https:\/\/ants.gouv.fr\/\" target=\"_blank\" rel=\"noreferrer noopener\">https:\/\/ants.gouv.fr\/<\/a><\/p>\n\n\n\n<p><strong>Les Documents \u00e0 fournir :<\/strong><\/p>\n\n\n\n<p>Notez que selon votre cas, 1\u00e8re carte d&rsquo;identit\u00e9, renouv\u00e8lement de carte p\u00e9rim\u00e9e, r\u00e9\u00e9dition suite \u00e0 une perte ou un vol, personne majeure ou mineure, la liste des documents \u00e0 fournir n&rsquo;est pas forc\u00e9ment la m\u00eame.<\/p>\n\n\n\n<p>Mais dans tous les cas, tous les documents et justificatif pr\u00e9sent\u00e9s doivent \u00eatre des originaux. Ils vous seront restitu\u00e9s au retrait de votre carte d\u2019identit\u00e9.<\/p>\n\n\n\n<p><strong>Info documents \u00e0 fournir selon votre cas :<\/strong><\/p>\n\n\n\n<p><a href=\"https:\/\/www.service-public.fr\/particuliers\/vosdroits\/N358\" target=\"_blank\" rel=\"noreferrer noopener\">https:\/\/www.service-public.fr\/particuliers\/vosdroits\/N358<\/a><\/p>\n\n\n\n<p><strong>Le co\u00fbt :<\/strong><\/p>\n\n\n\n<p>Le renouvellement de la carte d&rsquo;identit\u00e9 est gratuit \u00e0 condition de pouvoir pr\u00e9senter l&rsquo;ancienne carte.<\/p>\n\n\n\n<p>Dans les autres cas, vous devrez vous acquitter de la somme de 25 \u20ac, payable en timbre fiscal.<\/p>\n\n\n\n<p>Depuis le 1er janvier 2019, les timbres fiscaux sont d\u00e9mat\u00e9rialis\u00e9s et uniquement en vente sur internet : <a href=\"https:\/\/timbres.impots.gouv.fr\/\" target=\"_blank\" rel=\"noreferrer noopener\">https:\/\/timbres.impots.gouv.fr\/<\/a> ou dans les bureaux de tabac agr\u00e9\u00e9s.<\/p>\n\n\n\n<p><strong>La photo d&rsquo;identit\u00e9 :<\/strong><\/p>\n\n\n\n<p>Vous devrez bien s\u00fbr fournir une photo d&rsquo;identit\u00e9, attention, il y a des normes \u00e0 respecter, voir : <a href=\"https:\/\/www.service-public.fr\/particuliers\/vosdroits\/F10619\" target=\"_blank\" rel=\"noreferrer noopener\">https:\/\/www.service-public.fr\/particuliers\/vosdroits\/F10619<\/a><\/p>\n\n\n\n<p><strong>Validit\u00e9 :<\/strong><\/p>\n\n\n\n<p>La dur\u00e9e de validit\u00e9 d&rsquo;une carte d&rsquo;identit\u00e9 est de 15 ans pour une personne majeure et de 10 ans pour une personne mineure.<\/p>\n\n\n\n<p>RAPPEL : Extension de la dur\u00e9e de validit\u00e9 de la Carte Nationale d\u2019Identit\u00e9 (CNI)<\/p>\n\n\n\n<p>La dur\u00e9e de validit\u00e9 d\u2019une CNI d\u00e9livr\u00e9e entre le 2 janvier 2004 et le 31 d\u00e9cembre 2016 est pass\u00e9e de 10 \u00e0 15 ans ; cette extension n\u2019est toutefois reconnue que sur le territoire fran\u00e7ais.<\/p>\n\n\n\n<p>Les personnes d\u00e9sirant l\u2019utiliser pour un voyage hors France, pourront en demander le renouvellement, sous r\u00e9serve qu\u2019elles ne soient pas titulaires d\u2019un passeport en cours de validit\u00e9 et devront produire un justificatif de voyage le cas \u00e9ch\u00e9ant.<\/p>\n\n\n\n<p>Pour toutes autres questions, n&rsquo;h\u00e9sitez pas \u00e0 venir \u00e0 la Mairie, les mercredi et samedi matin.<\/p>\n","protected":false},"excerpt":{"rendered":"<p>Carte d&rsquo;identit\u00e9 Vous voulez faire ou refaire votre carte d&rsquo;identit\u00e9, ou celle de votre enfant ? O\u00f9 ? Depuis 7 mars 2017, cette d\u00e9marche doit se faire dans une Mairie&hellip;<\/p>\n","protected":false},"author":2,"featured_media":0,"parent":0,"menu_order":0,"comment_status":"closed","ping_status":"closed","template":"","meta":{"footnotes":""},"class_list":["post-2010","page","type-page","status-publish","hentry"],"_links":{"self":[{"href":"https:\/\/lefrechet.fr\/index.php?rest_route=\/wp\/v2\/pages\/2010","targetHints":{"allow":["GET"]}}],"collection":[{"href":"https:\/\/lefrechet.fr\/index.php?rest_route=\/wp\/v2\/pages"}],"about":[{"href":"https:\/\/lefrechet.fr\/index.php?rest_route=\/wp\/v2\/types\/page"}],"author":[{"embeddable":true,"href":"https:\/\/lefrechet.fr\/index.php?rest_route=\/wp\/v2\/users\/2"}],"replies":[{"embeddable":true,"href":"https:\/\/lefrechet.fr\/index.php?rest_route=%2Fwp%2Fv2%2Fcomments&post=2010"}],"version-history":[{"count":5,"href":"https:\/\/lefrechet.fr\/index.php?rest_route=\/wp\/v2\/pages\/2010\/revisions"}],"predecessor-version":[{"id":2086,"href":"https:\/\/lefrechet.fr\/index.php?rest_route=\/wp\/v2\/pages\/2010\/revisions\/2086"}],"wp:attachment":[{"href":"https:\/\/lefrechet.fr\/index.php?rest_route=%2Fwp%2Fv2%2Fmedia&parent=2010"}],"curies":[{"name":"wp","href":"https:\/\/api.w.org\/{rel}","templated":true}]}}