{"id":1968,"date":"2021-02-16T07:17:00","date_gmt":"2021-02-16T06:17:00","guid":{"rendered":"https:\/\/lefrechet.fr\/?page_id=1968"},"modified":"2021-02-16T08:18:16","modified_gmt":"2021-02-16T07:18:16","slug":"faience","status":"publish","type":"page","link":"https:\/\/lefrechet.fr\/?page_id=1968","title":{"rendered":"Fa\u00efence"},"content":{"rendered":"\n<p>Comme beaucoup d&rsquo;autres villages alentour, Le Fr\u00e9chet f\u00fbt jadis une Commune productrice de fa\u00efences, poteries et autres c\u00e9ramiques. Cette industrie semble s&rsquo;\u00eatre arr\u00eat\u00e9e \u00e0 la fin du XIX\u00e8me si\u00e8cle. Les ateliers du village \u00e9taient situ\u00e9s dans l&rsquo;actuelle salle des f\u00eates, en face de la Mairie. La rue qui y m\u00e8ne a d&rsquo;ailleurs \u00e9t\u00e9 baptis\u00e9e &lsquo;rue de la Fa\u00efencerie&rsquo;.<\/p>\n\n\n\n<p>Selon l&rsquo;article de la D\u00e9p\u00eache du midi (voir le PDF ci-apr\u00e8s). Le premier atelier cr\u00e9\u00e9 au Fr\u00e9chet daterait de 1820. N\u00e9anmoins, dans le livre de Robert Sablayrolles et Argitxu Beyie : &lsquo;Le Comminges&rsquo; de la s\u00e9rie &lsquo;Carte arch\u00e9ologique de la Gaule&rsquo;, il est not\u00e9 qu&rsquo;en 1966, suite \u00e0 des travaux agricoles, un important d\u00e9potoir de c\u00e9ramiques antiques et m\u00e9di\u00e9vales a \u00e9t\u00e9 mis au jour. Un tesson aurait \u00e9t\u00e9 dat\u00e9 du Ier si\u00e8cle.<\/p>\n\n\n\n<p>Dans le l&rsquo;ouvrage de Charles Higounet : &lsquo;Le comt\u00e9 de Comminges, de ses origines \u00e0 son annexion \u00e0 la couronne&rsquo;, il est not\u00e9 concernant la d\u00eeme pr\u00e9lev\u00e9e du XIIIe au XIVe si\u00e8cles par l&rsquo;\u00e9glise du Comminges : \u00a0\u00bbA Salies, on pr\u00e9levait la d\u00eeme du sel, \u00e0 Bourg-d&rsquo;Oueil, celle des pois carr\u00e9s, et au Fr\u00e9chet, celle, tout exceptionnelle, des pots de terre sur les artisans potiers\u00a0\u00bb<\/p>\n\n\n\n<p>Autant d&rsquo;\u00e9cris et de r\u00e9f\u00e9rences qui laissent \u00e0 penser que l&rsquo;industrie de la poterie et de la c\u00e9ramique au Fr\u00e9chet est bien ant\u00e9rieure au XIX\u00e8me si\u00e8cle. Parfois, les terrassements effectu\u00e9s pour les constructions neuves font encore appara\u00eetre des restes de ce riche pass\u00e9.<\/p>\n\n\n\n<hr class=\"wp-block-separator is-style-wide\"\/>\n\n\n\n<p><strong><em>Le Fr\u00e9chet, village Fa\u00efencier dans la presse &#8211; 1996<\/em><\/strong> (cliquez sur les articles pour les agrandir)<\/p>\n\n\n\n<figure class=\"wp-block-image size-large\"><a href=\"https:\/\/lefrechet.fr\/wp-content\/uploads\/2021\/02\/ARTICLE-FAIENCIER-001-2.pdf\" target=\"_blank\" rel=\"noopener\"><img loading=\"lazy\" decoding=\"async\" width=\"536\" height=\"1024\" src=\"https:\/\/lefrechet.fr\/wp-content\/uploads\/2021\/02\/ARTICLE-FAIENCIER-001-2-pdf-536x1024.jpg\" alt=\"\" class=\"wp-image-1974\"\/><\/a><\/figure>\n\n\n\n<hr class=\"wp-block-separator is-style-wide\"\/>\n\n\n\n<figure class=\"wp-block-image size-large\"><a href=\"https:\/\/lefrechet.fr\/wp-content\/uploads\/2021\/02\/ARTICLE-FAIENCIER-002-1.pdf\" target=\"_blank\" rel=\"noopener\"><img loading=\"lazy\" decoding=\"async\" width=\"477\" height=\"1024\" src=\"https:\/\/lefrechet.fr\/wp-content\/uploads\/2021\/02\/ARTICLE-FAIENCIER-002-1-pdf-477x1024.jpg\" alt=\"\" class=\"wp-image-1975\"\/><\/a><\/figure>\n","protected":false},"excerpt":{"rendered":"<p>Comme beaucoup d&rsquo;autres villages alentour, Le Fr\u00e9chet f\u00fbt jadis une Commune productrice de fa\u00efences, poteries et autres c\u00e9ramiques. Cette industrie semble s&rsquo;\u00eatre arr\u00eat\u00e9e \u00e0 la fin du XIX\u00e8me si\u00e8cle. Les&hellip;<\/p>\n","protected":false},"author":2,"featured_media":0,"parent":0,"menu_order":0,"comment_status":"closed","ping_status":"closed","template":"page-templates\/fullwidth.php","meta":{"footnotes":""},"class_list":["post-1968","page","type-page","status-publish","hentry"],"_links":{"self":[{"href":"https:\/\/lefrechet.fr\/index.php?rest_route=\/wp\/v2\/pages\/1968","targetHints":{"allow":["GET"]}}],"collection":[{"href":"https:\/\/lefrechet.fr\/index.php?rest_route=\/wp\/v2\/pages"}],"about":[{"href":"https:\/\/lefrechet.fr\/index.php?rest_route=\/wp\/v2\/types\/page"}],"author":[{"embeddable":true,"href":"https:\/\/lefrechet.fr\/index.php?rest_route=\/wp\/v2\/users\/2"}],"replies":[{"embeddable":true,"href":"https:\/\/lefrechet.fr\/index.php?rest_route=%2Fwp%2Fv2%2Fcomments&post=1968"}],"version-history":[{"count":5,"href":"https:\/\/lefrechet.fr\/index.php?rest_route=\/wp\/v2\/pages\/1968\/revisions"}],"predecessor-version":[{"id":1982,"href":"https:\/\/lefrechet.fr\/index.php?rest_route=\/wp\/v2\/pages\/1968\/revisions\/1982"}],"wp:attachment":[{"href":"https:\/\/lefrechet.fr\/index.php?rest_route=%2Fwp%2Fv2%2Fmedia&parent=1968"}],"curies":[{"name":"wp","href":"https:\/\/api.w.org\/{rel}","templated":true}]}}