{"id":194,"date":"2021-01-15T12:16:24","date_gmt":"2021-01-15T11:16:24","guid":{"rendered":"http:\/\/lefrechet.fr\/?page_id=194"},"modified":"2026-02-23T10:02:05","modified_gmt":"2026-02-23T09:02:05","slug":"actualites-du-frechet-2","status":"publish","type":"page","link":"https:\/\/lefrechet.fr\/?page_id=194","title":{"rendered":"Actualit\u00e9s du Fr\u00e9chet"},"content":{"rendered":"\n<p class=\"has-vivid-red-color has-text-color has-medium-font-size\"><strong>Derni\u00e8re minute :<\/strong><\/p>\n\n\n\n<p>Prochain Conseil Municipal : Mercredi 4 Mars 2026 \u00e0 20h<\/p>\n\n\n\n<div class=\"wp-block-file\"><a id=\"wp-block-file--media-dceda8f1-ef68-4014-b917-ded1c04e2837\" href=\"https:\/\/lefrechet.fr\/wp-content\/uploads\/2026\/02\/CR-CM-du-09012026.pdf\">Compte Rendu Conseil Municipal du 09 janvier 2026<\/a><a href=\"https:\/\/lefrechet.fr\/wp-content\/uploads\/2026\/02\/CR-CM-du-09012026.pdf\" class=\"wp-block-file__button wp-element-button\" download aria-describedby=\"wp-block-file--media-dceda8f1-ef68-4014-b917-ded1c04e2837\">T\u00e9l\u00e9charger<\/a><\/div>\n\n\n\n<hr class=\"wp-block-separator has-alpha-channel-opacity\"\/>\n\n\n\n<figure class=\"wp-block-image size-large\"><img loading=\"lazy\" decoding=\"async\" width=\"1024\" height=\"722\" src=\"https:\/\/lefrechet.fr\/wp-content\/uploads\/2026\/01\/CARTE-VOEUX-2026-1024x722.jpg\" alt=\"\" class=\"wp-image-3412\" srcset=\"https:\/\/lefrechet.fr\/wp-content\/uploads\/2026\/01\/CARTE-VOEUX-2026-1024x722.jpg 1024w, https:\/\/lefrechet.fr\/wp-content\/uploads\/2026\/01\/CARTE-VOEUX-2026-300x211.jpg 300w, https:\/\/lefrechet.fr\/wp-content\/uploads\/2026\/01\/CARTE-VOEUX-2026-768x541.jpg 768w, https:\/\/lefrechet.fr\/wp-content\/uploads\/2026\/01\/CARTE-VOEUX-2026-1536x1083.jpg 1536w, https:\/\/lefrechet.fr\/wp-content\/uploads\/2026\/01\/CARTE-VOEUX-2026-140x99.jpg 140w, https:\/\/lefrechet.fr\/wp-content\/uploads\/2026\/01\/CARTE-VOEUX-2026.jpg 1786w\" sizes=\"auto, (max-width: 1024px) 100vw, 1024px\" \/><\/figure>\n\n\n\n<hr class=\"wp-block-separator has-alpha-channel-opacity\"\/>\n\n\n\n<p class=\"has-text-align-center has-vivid-red-color has-text-color has-link-color has-large-font-size wp-elements-c3af34b24b70b84119c07572c0b81757\"><strong>INFO CHASSE<\/strong> <\/p>\n\n\n\n<p>Depuis mi-septembre la chasse \u00e0 rouvert en France et donc sur notre Commune, voici les jours et horaires de chasse communiqu\u00e9s par ACCA du Fr\u00e9chet :<\/p>\n\n\n\n<ul class=\"wp-block-list\">\n<li>La chasse \u00e0 la palombe en poste fixe est ouverte tous les jours.<\/li>\n\n\n\n<li>La chasse au gibier \u00e0 plume : les mercredis, jeudis, samedis et dimanches du lever au coucher du soleil.<\/li>\n\n\n\n<li>La chasse au sanglier \u00e0 l&rsquo;aff\u00fbt : tous les jours du lever du soleil \u00e0 30 mn apr\u00e8s le coucher.<\/li>\n\n\n\n<li>Pour les battues aux sangliers : les mercredis, jeudis, samedis et dimanches.<\/li>\n<\/ul>\n\n\n\n<p>G\u00e9n\u00e9ralement les battues ont lieu le samedi et dimanche matin&#8230;<\/p>\n\n\n\n<hr class=\"wp-block-separator has-alpha-channel-opacity\"\/>\n\n\n\n<p>Attention ! En janvier 2027, le r\u00e9seau cuivre ne sera plus&#8230; Pour continuer \u00e0 b\u00e9n\u00e9ficier d&rsquo;une ligne t\u00e9l\u00e9phonique fixe ou d&rsquo;un internet \u00e0 domicile puissant, un abonnement \u00e0 la fibre sera n\u00e9cessaire ou tout autre moyen existant mais plus au r\u00e9seau cuivre. Notre village ne b\u00e9n\u00e9ficie pas d&rsquo;une couverture 4G ou 5G suffisante pour compter sur le r\u00e9seau mobile, surtout \u00e0 l&rsquo;int\u00e9rieur des habitations&#8230; Alors pensez aux solutions qui s&rsquo;offrent \u00e0 vous d&rsquo;ici janvier 2027&#8230; Le Maire<\/p>\n\n\n\n<figure class=\"wp-block-image size-large\"><img loading=\"lazy\" decoding=\"async\" width=\"1024\" height=\"727\" src=\"https:\/\/lefrechet.fr\/wp-content\/uploads\/2024\/11\/fibre-1024x727.jpg\" alt=\"\" class=\"wp-image-3317\" srcset=\"https:\/\/lefrechet.fr\/wp-content\/uploads\/2024\/11\/fibre-1024x727.jpg 1024w, https:\/\/lefrechet.fr\/wp-content\/uploads\/2024\/11\/fibre-300x213.jpg 300w, https:\/\/lefrechet.fr\/wp-content\/uploads\/2024\/11\/fibre-768x545.jpg 768w, https:\/\/lefrechet.fr\/wp-content\/uploads\/2024\/11\/fibre-140x99.jpg 140w, https:\/\/lefrechet.fr\/wp-content\/uploads\/2024\/11\/fibre.jpg 1384w\" sizes=\"auto, (max-width: 1024px) 100vw, 1024px\" \/><\/figure>\n\n\n\n<hr class=\"wp-block-separator has-alpha-channel-opacity\"\/>\n","protected":false},"excerpt":{"rendered":"<p>Derni\u00e8re minute : Prochain Conseil Municipal : Mercredi 4 Mars 2026 \u00e0 20h INFO CHASSE Depuis mi-septembre la chasse \u00e0 rouvert en France et donc sur notre Commune, voici les&hellip;<\/p>\n","protected":false},"author":2,"featured_media":0,"parent":0,"menu_order":0,"comment_status":"open","ping_status":"closed","template":"page-templates\/homepage-widgets-page.php","meta":{"footnotes":""},"class_list":["post-194","page","type-page","status-publish","hentry"],"_links":{"self":[{"href":"https:\/\/lefrechet.fr\/index.php?rest_route=\/wp\/v2\/pages\/194","targetHints":{"allow":["GET"]}}],"collection":[{"href":"https:\/\/lefrechet.fr\/index.php?rest_route=\/wp\/v2\/pages"}],"about":[{"href":"https:\/\/lefrechet.fr\/index.php?rest_route=\/wp\/v2\/types\/page"}],"author":[{"embeddable":true,"href":"https:\/\/lefrechet.fr\/index.php?rest_route=\/wp\/v2\/users\/2"}],"replies":[{"embeddable":true,"href":"https:\/\/lefrechet.fr\/index.php?rest_route=%2Fwp%2Fv2%2Fcomments&post=194"}],"version-history":[{"count":211,"href":"https:\/\/lefrechet.fr\/index.php?rest_route=\/wp\/v2\/pages\/194\/revisions"}],"predecessor-version":[{"id":3430,"href":"https:\/\/lefrechet.fr\/index.php?rest_route=\/wp\/v2\/pages\/194\/revisions\/3430"}],"wp:attachment":[{"href":"https:\/\/lefrechet.fr\/index.php?rest_route=%2Fwp%2Fv2%2Fmedia&parent=194"}],"curies":[{"name":"wp","href":"https:\/\/api.w.org\/{rel}","templated":true}]}}