{"id":124,"date":"2021-01-14T23:05:51","date_gmt":"2021-01-14T22:05:51","guid":{"rendered":"http:\/\/lefrechet.fr\/?page_id=124"},"modified":"2022-05-17T11:27:55","modified_gmt":"2022-05-17T09:27:55","slug":"informations-pratiques","status":"publish","type":"page","link":"https:\/\/lefrechet.fr\/?page_id=124","title":{"rendered":"Infos pratiques"},"content":{"rendered":"\n<figure class=\"wp-block-table\"><table class=\"has-background\" style=\"background-color:#e7f5fe\"><tbody><tr><td><strong>Coordonn\u00e9es de la Mairie de Le Fr\u00e9chet<\/strong><\/td><\/tr><\/tbody><\/table><\/figure>\n\n\n\n<figure class=\"wp-block-table\"><table><tbody><tr><td>Adresse<\/td><td>Rue de la Fa\u00efencerie<\/td><\/tr><tr><td>Code Postal<\/td><td>31360<\/td><\/tr><tr><td>Commune \/ Ville<\/td><td>Le Fr\u00e9chet<\/td><\/tr><tr><td>Num\u00e9ro de t\u00e9l\u00e9phone<\/td><td>05 61 90 05 43<\/td><\/tr><tr><td>Num\u00e9ro de M. Le Maire<br>(<span class=\"has-inline-color has-vivid-red-color\">Urgence uniquement<\/span>)<\/td><td>06 79 94 79 70<\/td><\/tr><tr><td>Adresse Mail<\/td><td><a href=\"mailto:mairiedufrechet@wanadoo.fr\" target=\"_blank\" rel=\"noreferrer noopener\">mairiedufrechet@wanadoo.fr<\/a><\/td><\/tr><\/tbody><\/table><\/figure>\n\n\n\n<figure class=\"wp-block-table\"><table><thead><tr><th>Heures d&rsquo;ouverture du&nbsp;samedi<\/th><\/tr><tr><th>Heure d&rsquo;ouverture<\/th><th>Heure de fermeture<\/th><\/tr><\/thead><tbody><tr><td>10:00<\/td><td>12:00<\/td><\/tr><\/tbody><\/table><\/figure>\n\n\n\n<figure class=\"wp-block-table\"><table><thead><tr><th>Heures d&rsquo;ouverture du&nbsp;mercredi<\/th><\/tr><tr><th>Heure d&rsquo;ouverture<\/th><th>Heure de fermeture<\/th><\/tr><\/thead><tbody><tr><td>09:00<\/td><td>12:00<\/td><\/tr><\/tbody><\/table><\/figure>\n\n\n\n<hr class=\"wp-block-separator\"\/>\n\n\n\n<div class=\"wp-block-buttons is-layout-flex wp-block-buttons-is-layout-flex\"><\/div>\n\n\n\n<p>pour toutes les autres questions, veuillez adresser vos demandes \u00e0 la Mairie, aux horaires d&rsquo;ouverture.<\/p>\n","protected":false},"excerpt":{"rendered":"<p>Coordonn\u00e9es de la Mairie de Le Fr\u00e9chet Adresse Rue de la Fa\u00efencerie Code Postal 31360 Commune \/ Ville Le Fr\u00e9chet Num\u00e9ro de t\u00e9l\u00e9phone 05 61 90 05 43 Num\u00e9ro de&hellip;<\/p>\n","protected":false},"author":2,"featured_media":0,"parent":0,"menu_order":0,"comment_status":"closed","ping_status":"closed","template":"page-templates\/homepage-widgets-page.php","meta":{"footnotes":""},"class_list":["post-124","page","type-page","status-publish","hentry"],"_links":{"self":[{"href":"https:\/\/lefrechet.fr\/index.php?rest_route=\/wp\/v2\/pages\/124","targetHints":{"allow":["GET"]}}],"collection":[{"href":"https:\/\/lefrechet.fr\/index.php?rest_route=\/wp\/v2\/pages"}],"about":[{"href":"https:\/\/lefrechet.fr\/index.php?rest_route=\/wp\/v2\/types\/page"}],"author":[{"embeddable":true,"href":"https:\/\/lefrechet.fr\/index.php?rest_route=\/wp\/v2\/users\/2"}],"replies":[{"embeddable":true,"href":"https:\/\/lefrechet.fr\/index.php?rest_route=%2Fwp%2Fv2%2Fcomments&post=124"}],"version-history":[{"count":67,"href":"https:\/\/lefrechet.fr\/index.php?rest_route=\/wp\/v2\/pages\/124\/revisions"}],"predecessor-version":[{"id":2670,"href":"https:\/\/lefrechet.fr\/index.php?rest_route=\/wp\/v2\/pages\/124\/revisions\/2670"}],"wp:attachment":[{"href":"https:\/\/lefrechet.fr\/index.php?rest_route=%2Fwp%2Fv2%2Fmedia&parent=124"}],"curies":[{"name":"wp","href":"https:\/\/api.w.org\/{rel}","templated":true}]}}